-5).
-20
Let s(g) = -g**3 + 4*g**2 - 6*g + 7. Determine s(3).
-2
Let k(g) = 9*g - 4. Calculate k(0).
-4
Let w(r) = r**2 - 3*r - 17. Give w(5).
-7
Let z(n) = 57*n - 70. Determine z(1).
-13
Let l(y) = -y**2 - 6*y + 10. Give l(3).
-17
Let h(n) = n**3 + 6*n**2 + 6*n + 5. Determine h(-5).
0
Let p(q) = q**3 + 12*q**2 + 14*q + 27. Determine p(-11).
-6
Let l(z) = -18*z + 23. Determine l(2).
-13
Let y(b) = b - 11. What is y(-5)?
-16
Let a(d) = -d**2 - 3*d + 8. Calculate a(-5).
-2
Let n(m) = m**3 + 10*m**2 + 2*m - 6. Calculate n(-9).
57
Let g(b) = 3*b**2 + b - 3. Give g(-2).
7
Let q(i) = i**2 - 3*i + 1. Calculate q(6).
19
Let x(q) = -q**2 + 88*q - 261. Calculate x(3).
-6
Let q(u) = u**2 + 57*u + 464. Calculate q(-47).
-6
Let i(r) = -r - 7. Calculate i(-8).
1
Let m(x) = x**3 + 3*x**2 - 6*x - 8. Give m(-3).
10
Let v(n) = n**3 - 9*n**2 + 3*n - 12. What is v(9)?
15
Let p(k) = k**3 + 16*k**2 + 11*k - 53. Give p(-15).
7
Let s(d) = -d**3 - 9*d**2 - 6*d + 5. Calculate s(-8).
-11
Let h(q) = -10*q + 13. Determine h(3).
-17
Let p(q) = -q**2 - 8*q + 4. Give p(-10).
-16
Let a(j) = -3*j**3 + 3*j**2 + 4*j - 2. Give a(2).
-6
Let l(f) = -17*f + 117. Calculate l(7).
-2
Let r(m) = -28*m - 3. Determine r(-2).
53
Let q(j) = 2*j + 5. Calculate q(-4).
-3
Let x(y) = y**2 - 6*y + 10. What is x(4)?
2
Let k(f) = -f + 16. Determine k(8).
8
Let k(t) = t**3 + 8*t**2 - 86*t - 17. Calculate k(-14).
11
Let x(d) = -2*d - 1. Determine x(-4).
7
Let c(x) = -x**2 - 16*x - 1. Calculate c(-17).
-18
Let p(u) = 2*u. Give p(-6).
-12
Let n(w) = w**3 + 5*w**2 + 3*w + 3. Determine n(-4).
7
Let n(w) = -7*w - 9. Give n(-3).
12
Let i(q) = -q**3 + 6*q**2 + 19*q - 28. Determine i(8).
-4
Let n(m) = -m**3 - 12*m**2 - 33*m - 17. What is n(-7)?
-31
Let r(t) = t**3 - 11*t**2 - 16*t + 51. What is r(12)?
3
Let b(m) = m**3 + 8*m**2 + 6*m + 11. What is b(-8)?
-37
Let t(m) = -m**3 - 10*m**2 - 9*m + 4. Give t(-9).
4
Let l(x) = -x**2 + 3. Calculate l(0).
3
Let l(w) = 43*w**3. What is l(1)?
43
Let j(f) = -2*f**2 - 24*f - 6. Calculate j(-13).
-32
Let a(n) = n**2 + 11*n - 11. Give a(-11).
-11
Let x(t) = -8*t - 2. Give x(1).
-10
Let u(x) = -x**3 + 2*x**2 + 4*x - 2. Give u(1).
3
Let c(y) = -y - 3. Calculate c(4).
-7
Let z(p) = -3*p - 13. What is z(1)?
-16
Let z(d) = 8*d. What is z(3)?
24
Let h(d) = -22*d - 1. Calculate h(2).
-45
Let x(v) = -2*v**2 - 7*v - 9. Calculate x(-4).
-13
Let u(l) = l**3 - l**2 - 5*l + 4. Determine u(3).
7
Let z(r) = -13*r**2 + 57*r - 9. Calculate z(4).
11
Let g(h) = h**3 - 11*h**2 + 10*h. Calculate g(10).
0
Let y(x) = -x**3 - 5*x**2 + 4*x - 5. Determine y(-6).
7
Let y(t) = -t**3 + 7*t**2 - 6*t - 3. Calculate y(5).
17
Let m(h) = 23*h**2 + 2*h - 1. What is m(1)?
24
Let i(c) = 67*c**3 - c**2 + 4*c - 2. What is i(1)?
68
Let s(d) = d**3 + 8*d**2 - 9*d - 3. Calculate s(-9).
-3
Let o(l) = 3*l**2 - 33*l - 2. What is o(11)?
-2
Let v(g) = g + 31. Calculate v(0).
31
Let m(t) = t**3 - 3*t**2 - 6*t. Calculate m(4).
-8
Let h(v) = -v - 16. Give h(-22).
6
Let o(a) = a**2 + 36*a - 118. Determine o(-39).
-1
Let h(s) = 2*s**2 - 11*s - 12. What is h(5)?
-17
Let v(s) = 3*s**2 + 21*s - 34. Give v(-8).
-10
Let a(v) = -5*v + 4. Determine a(-7).
39
Let u(t) = t**3 - 4*t**2 - 4*t - 7. What is u(5)?
-2
Let t(p) = -2*p**2 - 2*p + 2. Calculate t(3).
-22
Let r(x) = -2*x. Calculate r(-4).
8
Let p(i) = i**2 + 3*i + 14. Determine p(9).
122
Let j(n) = -n + 19. Calculate j(11).
8
Let o(v) = -v**2 - 9*v - 1. Give o(-8).
7
Let w(o) = -2*o**3 + 5*o**2 + 4. Give w(3).
-5
Let h(z) = z**3 - 3*z**2 - 5*z + 7. Give h(-3).
-32
Let h(a) = -a**3 + 14*a**2 - 13*a + 7. Calculate h(13).
7
Let y(i) = i**3 + 7*i**2 + 12*i - 2. Determine y(-6).
-38
Let t(c) = -49*c - 234. Determine t(-5).
11
Let n(z) = 2*z**2 + 9*z - 6. Determine n(-7).
29
Let z(a) = 2*a + 5. Give z(11).
27
Let z(q) = 3*q + 18. Calculate z(-10).
-12
Let j(h) = -2*h + 94. Give j(52).
-10
Let c(i) = i**2 - 10*i + 1. Determine c(7).
-20
Let n(a) = a**3 + 18*a**2 - 37*a - 3. What is n(-20)?
-63
Let k(i) = i**3 - i**2 - 4*i - 1. Determine k(0).
-1
Let y(m) = -54*m - 37. What is y(-2)?
71
Let b(s) = -61*s - 549. Determine b(-9).
0
Let q(l) = -l**3 + 2*l**2 - l + 7. What is q(0)?
7
Let p(t) = -t**3 + 3*t**2 + 4*t + 2. Determine p(4).
2
Let b(o) = o**3 - 10*o**2 - 7*o + 138. What is b(9)?
-6
Let b(g) = -7*g - 191. What is b(-28)?
5
Let m(y) = 6*y + 23. What is m(12)?
95
Let w(q) = q**3 + 21*q**2 + 19*q - 42. What is w(-20)?
-22
Let q(m) = -m**3 + 4*m**2 - 4*m - 1. What is q(3)?
-4
Let g(q) = q**2 - 8*q - 7. What is g(9)?
2
Let v(i) = -97*i - 496. Calculate v(-5).
-11
Let g(m) = m**3 + 12*m**2 + 13*m + 26. Determine g(-11).
4
Let w(p) = -2*p + 106. What is w(24)?
58
Let j(g) = -g**3 + 8*g**2 + g - 8. What is j(8)?
0
Let k(l) = 2*l**2 - 25*l - 21. What is k(13)?
-8
Let j(u) = -u**3 - 10*u**2 - 12*u + 30. Calculate j(-8).
-2
Let m(r) = r**3 + 12*r**2 + 11*r + 14. What is m(-11)?
14
Let w(j) = -j**2 - 9*j - 6. Give w(-9).
-6
Let s(u) = -u + 16. What is s(12)?
4
Let w(m) = -3*m**2 + 10*m + 33. Give w(-5).
-92
Let t(l) = l**3 + 6*l**2 - 21*l - 50. Determine t(-8).
-10
Let i(s) = -58*s - 2. What is i(-1)?
56
Let i(r) = -2*r**2 - 7*r + 41. Determine i(3).
2
Let j(w) = w**3 - 8*w**2 + 11*w - 4. What is j(7)?
24
Let r(j) = -4*j - 5. Calculate r(4).
-21
Let i(s) = s**3 - 18*s**2 - 114*s - 26. What is i(23)?
-3
Let g(n) = -n - 26. Give g(-13).
-13
Let w(s) = -5*s + 25. Calculate w(3).
10
Let g(h) = 3*h**2 - 139*h + 49. Calculate g(46).
3
Let p(y) = y**2 + 25*y - 79. Give p(-28).
5
Let m(d) = d**3 - 3*d**2 - 5. What is m(3)?
-5
Let o(k) = 2*k**2 + 4*k - 16. Determine o(3).
14
Let o(y) = -y**2 + 32*y - 90. Calculate o(4).
22
Let v(x) = x**2 - 16*x + 54. Calculate v(6).
-6
Let f(p) = 2*p - 66. What is f(21)?
-24
Let c(b) = -b**3 + 25*b**2 - 24*b. What is c(24)?
0
Let n(z) = -8*z + 2. Give n(-5).
42
Let h(b) = -b + 29. Calculate h(-25).
54
Let z(a) = -4*a - 39. Determine z(-11).
5
Let a(f) = 2*f + 8. Give a(8).
24
Let k(p) = -52*p - 97. Give k(-2).
7
Let y(u) = -u**3 + 13*u**2 + 27*u + 36. Give y(15).
-9
Let a(r) = r + 9. What is a(-11)?
-2
Let f(k) = -k**2 - 7*k - 11. Determine f(-5).
-1
Let a(p) = -p**2 + 2*p - 7. What is a(3)?
-10
Let m(g) = g**3 + g**2 - 6*g + 2. What is m(-3)?
2
Let w(l) = -l**3 - 4*l**2 + 7*l - 4. Determine w(-6).
26
Let b(d) = d**2 - 7*d - 163. Give b(-10).
7
Let k(f) = 2*f**3 - 11*f**2 - 6*f - 4. Calculate k(6).
-4
Let m(w) = -w**2 + 18*w - 18. Give m(17).
-1
Let b(a) = 5*a + 12. Calculate b(-9).
-33
Let c(u) = 13*u**3 + u**2 - 1. Give c(1).
13
Let m(j) = -6*j**2 - 2*j - 2. Give m(-1).
-6
Let c(k) = k**2 - 20*k + 12. Calculate c(17).
-39
Let v(s) = 9*s + 6. Determine v(-4).
-30
Let i(s) = 7*s**2 - 7*s - 7. Calculate i(-3).
77
Let i(n) = 2*n**3 - 3*n - 1. Calculate i(-2).
-11
Let y(q) = q**3 + 5*q**2 + 6*q. What is y(-4)?
-8
Let v(j) = j**2 - 5*j - 206. Give v(17).
-2
Let q(y) = y**2 - 15*y + 1. Calculate q(14).
-13
Let k(p) = 39*p**2 + 6*p - 6. What is k(1)?
39
Let l(v) = -2*v**3 - 16*v**2 - 34*v + 2. Give l(-3).
14
Let s(w) = w**2 - 24*w + 55. Calculate s(22).
11
Let r(z) = 3*z**3 + 5*z**2 + 5*z + 1. Calculate r(-1).
-2
Let t(k) = -k**2 - 2*k - 3. Give t(-3).
-6
Let d(x) = -10*x - 33. What is d(-5)?
17
Let i(n) = -107*n - 1. Give i(-1).
106
Let l(c) = c - 9. Calculate l(11).
2
Let n(s) = 2*s - 9. Give n(7).
5
Let y(r) = -r**3 - 8*r**2 - 5*r + 7. Determine y(-7).
-7
Let v(j) = -8*j + 5. What is v(5)?
-35
Let v(x) = 15*x**2 - 2*x + 1. Give v(1).
14
Let b(i) = -i**2 - 6*i + 27. Give b(-9).
0
Let m(p) = p**3 + 14*p**2 - 9*p + 3. Calculate m(-15).
-87
Let c(o) = -o**2 + 16*o - 2. Calculate c(17).
-19
Let p(s) = -3*s**2 + 2*s + 1. What is p(3)?
-20
Let d(z) = -6*z - 13. Determine d(-17).
89
Let k(t) = 8*t + 48. Calculate k(-6).
0
Let g(b) = -3*b + 4. Give g(-8).
28
Let q(g) = -77*g + 238. Give q(3).
7
Let u(z) = -17*z - 414. Give u(-24).
-6
Let g(n) = -n**2 + n + 17. Determine g(-11).
-115
Let r(w) = -8*w - 13. Give r(5).
-53
Let m(f) = f**3 - 13*f**2 - 14*f - 13. Determine m(14).
-13
Let t(w) = 16*w + 153. What is t(-9)?
9
Let n(x) = x**2 - 29*x + 163. Give n(13).
-45
Let c(h) = h + 12. Calculate c(7).
19
Let x(v) = -v - 1. Give x(-1).
0
Let k(w) = w**3 - 5*w**2 + 3*w. What is k(2)?
-6
Let h(w) = 3*w**2 - w + 1. Calculate h(2).
11
Let k(a) = a**3 + 4*a**2 - a + 6. Determine k(-